ue
Is 4534135591 a prime number?
False
Is 4955562529 composite?
False
Is 452901919 composite?
False
Is 77213634073 prime?
True
Is 32136419 prime?
False
Is 1636434881 a prime number?
False
Is 27118666511 composite?
True
Is 1033782953 a prime number?
False
Is 62266380317 a composite number?
True
Is 16838744453 composite?
True
Is 46719931 composite?
False
Is 58881477233 composite?
True
Is 118391467 a prime number?
False
Is 1529388643 prime?
True
Is 665863971 prime?
False
Is 6066167633 prime?
False
Is 88781298059 prime?
False
Is 1234424561 a prime number?
True
Is 92197597523 composite?
True
Is 14438368621 prime?
False
Is 282955657 composite?
True
Is 3530350921 prime?
True
Is 107537922269 prime?
True
Is 17249315079 a prime number?
False
Is 175238733 prime?
False
Is 26426967773 composite?
False
Is 11729782463 composite?
True
Is 2840846609 a prime number?
True
Is 75842538673 a prime number?
False
Is 12590828053 a prime number?
True
Is 491700749 a prime number?
False
Is 11437011401 composite?
True
Is 2418951153 prime?
False
Is 16938716773 prime?
False
Is 76774081 composite?
False
Is 398148001 a prime number?
True
Is 2622079013 a composite number?
False
Is 10386815563 a prime number?
True
Is 7035588867 a prime number?
False
Is 6479725573 composite?
True
Is 609511271 a composite number?
False
Is 27088896971 a composite number?
False
Is 3571464101 a composite number?
True
Is 2122862353 a composite number?
False
Is 15820549957 a composite number?
True
Is 58129355183 composite?
True
Is 38575539367 a composite number?
False
Is 2788833257 composite?
True
Is 37199645627 a prime number?
False
Is 16432674197 a composite number?
True
Is 443630813 prime?
False
Is 73494055679 composite?
True
Is 2071871446 a prime number?
False
Is 29547324299 a composite number?
True
Is 105814081 a composite number?
True
Is 1209639859 composite?
True
Is 17015016479 prime?
True
Is 64461000151 a composite number?
False
Is 3793885499 a composite number?
False
Is 4392313291 a composite number?
True
Is 249268511 prime?
False
Is 6116641681 a composite number?
False
Is 6292164455 prime?
False
Is 1406041459 prime?
True
Is 376478829329 composite?
False
Is 124660709 prime?
True
Is 24870621497 prime?
False
Is 16108729817 prime?
True
Is 3617873719 a prime number?
True
Is 10565514917 a prime number?
False
Is 121704853481 a prime number?
True
Is 410475041 composite?
False
Is 4952105773 composite?
False
Is 7804450859 prime?
False
Is 360000989 a composite number?
False
Is 2532096137 a prime number?
True
Is 138051623 a prime number?
True
Is 171057773959 a prime number?
True
Is 5042984251 composite?
False
Is 1074287881 prime?
False
Is 1025469111 prime?
False
Is 780217237 a composite number?
True
Is 6681341629 a prime number?
False
Is 16424787403 composite?
False
Is 24377168011 composite?
True
Is 53157268139 composite?
False
Is 132098443 prime?
False
Is 504694669 prime?
True
Is 12145713005 composite?
True
Is 963006943 prime?
True
Is 19409173387 a prime number?
False
Is 23226974197 prime?
False
Is 13518853097 a composite number?
True
Is 50156209 prime?
True
Is 10824420157 composite?
False
Is 1782158857 a prime number?
True
Is 13962627719 composite?
False
Is 9886012439 a prime number?
True
Is 1441686583 a prime number?
True
Is 871184917 a composite number?
False
Is 76405139 a prime number?
False
Is 3879576527 a prime number?
True
Is 9750689719 composite?
False
Is 12432210497 a composite number?
True
Is 36683749511 a prime number?
True
Is 759384251 composite?
False
Is 5599440989 prime?
True
Is 11725463 prime?
True
Is 56685983 prime?
True
Is 103553377 prime?
True
Is 1275729359 a composite number?
False
Is 1594569181 composite?
True
Is 3749217287 a composite number?
False
Is 2635926547 composite?
False
Is 2010958099 composite?
False
Is 125395163 a composite number?
True
Is 4004076697 a composite number?
False
Is 21254359199 prime?
True
Is 264479759 a prime number?
True
Is 186936241 prime?
True
Is 5310183097 a prime number?
False
Is 399742501 prime?
False
Is 1431577787 prime?
True
Is 8802385201 a prime number?
True
Is 21176839841 a prime number?
False
Is 32921267633 a prime number?
False
Is 226562093 a composite number?
True
Is 535016579 composite?
True
Is 2636570941 a prime number?
True
Is 27616556839 a composite number?
False
Is 97945162999 prime?
True
Is 1861060009 a prime number?
True
Is 273413501 composite?
False
Is 36731223619 a composite number?
False
Is 1333023569 a composite number?
False
Is 26487403 composite?
False
Is 13346415737 composite?
False
Is 68718161 a prime number?
True
Is 14206103251 composite?
False
Is 4593865939 prime?
False
Is 38341937713 composite?
False
Is 1575705895 a prime number?
False
Is 8801855443 a prime number?
False
Is 2221173583 a composite number?
False
Is 502364701 a composite number?
True
Is 369535073 composite?
False
Is 1952267753 a prime number?
True
Is 803018093 composite?
False
Is 8731558697 a composite number?
True
Is 370235863 prime?
False
Is 5210548183 a prime number?
False
Is 58517446961 prime?
False
Is 2852811541 a prime number?
False
Is 35885546987 composite?
True
Is 239692727 a prime number?
True
Is 1360971817 composite?
False
Is 11552757199 composite?
False
Is 5397732551 a composite number?
True
Is 13308854257 a composite number?
False
Is 12964284313 a prime number?
True
Is 492273611 a composite number?
True
Is 2709142619 a prime number?
False
Is 462310591 composite?
True
Is 589673729 composite?
True
Is 621034559 a composite number?
False
Is 583551019 prime?
False
Is 10405031342 composite?
True
Is 71029831499 a composite number?
True
Is 1343284123 composite?
False
Is 13828037579 prime?
True
Is 40214280707 a composite number?
True
Is 8152400231 composite?
True
Is 115416269 prime?
True
Is 133198498319 prime?
True
Is 21373611629 composite?
False
Is 23805485443 prime?
True
Is 5457356134 a composite number?
True
Is 287722213 prime?
False
Is 27729827243 prime?
True
Is 2332958627 a composite number?
False
Is 1357975471 composite?
False
Is 17011033009 prime?
True
Is 18116856385 prime?
False
Is 2339821639 prime?
False
Is 12652268899 prime?
True
Is 209547521 composite?
True
Is 368739347 prime?
True
Is 554341877 a prime number?
True
Is 4796643715 prime?
False
Is 5514424837 a prime number?
False
Is 7117685243 prime?
True
Is 729214459 composite?
False
Is 965408369 prime?
True
Is 2661780379 prime?
False
Is 190191205871 prime?
True
Is 33776855383 composite?
True
Is 491683099 a prime number?
False
Is 51939640105 composite?
True
Is 44922718933 prime?
True
Is 3125362673 a composite number?
False
Is 4921582543 a composite number?
False
Is 53505077095 prime?
False
Is 217020550931 composite?
True
Is 205530307 a prime number?
True
Is 66620572027 a composite number?
True
Is 789569003 prime?
True
Is 29611537849 a composite number?
True
Is 1990453277 a prime number?
True
Is 4947692521 prime?
False
Is 10743498107 prime?
True
Is 879610631 prime?
False
Is 511044431 composite?
False
Is 386659939 a composite number?
False
Is 138115042993 a composite number?
False
Is 184509383 a composite number?
True
Is 871569773 prime?
False
Is 2846571379 composite?
True
Is 987204017 a prime number?
False
Is 17819736419 composite?
True
Is 393161947 a composite number?
False
Is 2123440939 prime?
False
Is 76681921021 a prime number?
True
Is 1934585357 composite?
True
Is 553555579 prime?
False
Is 4789467433 prime?
True
Is 2396682007 composite?
False
Is 11493930083 prime?
False
Is 743592583 a prime number?
False
Is 12865068673 a prime number?
False
Is 1497748423 a composite number?
False
Is 80417155139 a prime number?
True
Is 3869176687 prime?
False
Is 1054423757 a composite number?
True
Is 51080389 prime?
True
Is 209873647 composite?
False
Is 653347 prime?
False
Is 1073487907 a prime number?
False
Is 66599027 composite?
True
Is 477883771 a prime number?
False
Is 12651674807 a composite number?
True
Is 29667297041 composite?
False
Is 2648242037 a composite number?
True
Is 16009527953 composite?
False
Is 3741729421 a prime number?
True
Is 48673189221 composite?
True
Is 46009771303 a composite number?
True
Is 23121597607 prime?
True
Is 802645819 composite?
False
Is 3365155613 a prime number?
False
Is 12574658653 composite?
False
Is 1354683221 a composite number?
False
Is 1702082899 a composite number?
T